 divided by 432.
366
What is the remainder when 582906 is divided by 249?
246
What is the remainder when 10855 is divided by 7?
5
Calculate the remainder when 253680 is divided by 26.
24
What is the remainder when 4792 is divided by 141?
139
Calculate the remainder when 5480 is divided by 922.
870
Calculate the remainder when 552653 is divided by 115.
78
Calculate the remainder when 51799 is divided by 513.
499
Calculate the remainder when 3110 is divided by 112.
86
Calculate the remainder when 49017 is divided by 15.
12
Calculate the remainder when 432 is divided by 8.
0
Calculate the remainder when 7757997 is divided by 15.
12
Calculate the remainder when 63940 is divided by 237.
187
Calculate the remainder when 2038 is divided by 140.
78
What is the remainder when 1502 is divided by 263?
187
Calculate the remainder when 1211 is divided by 561.
89
What is the remainder when 2296 is divided by 229?
6
What is the remainder when 356615 is divided by 54?
53
What is the remainder when 80858 is divided by 366?
338
Calculate the remainder when 3204 is divided by 67.
55
What is the remainder when 19906 is divided by 284?
26
Calculate the remainder when 670183 is divided by 12185.
8
Calculate the remainder when 519 is divided by 166.
21
Calculate the remainder when 33868 is divided by 290.
228
What is the remainder when 804 is divided by 72?
12
What is the remainder when 4476 is divided by 459?
345
What is the remainder when 3390 is divided by 1505?
380
What is the remainder when 182283 is divided by 458?
457
Calculate the remainder when 30738 is divided by 290.
288
Calculate the remainder when 28525 is divided by 771.
769
What is the remainder when 356697 is divided by 150?
147
What is the remainder when 4965 is divided by 4898?
67
What is the remainder when 683651 is divided by 13952?
3
What is the remainder when 24953 is divided by 182?
19
What is the remainder when 38995 is divided by 2780?
75
What is the remainder when 19529 is divided by 383?
379
Calculate the remainder when 4330 is divided by 211.
110
Calculate the remainder when 787936 is divided by 6.
4
What is the remainder when 7655 is divided by 688?
87
Calculate the remainder when 15463 is divided by 7635.
193
Calculate the remainder when 216 is divided by 17.
12
What is the remainder when 321 is divided by 82?
75
Calculate the remainder when 224880 is divided by 19.
15
Calculate the remainder when 14782 is divided by 24.
22
Calculate the remainder when 38261 is divided by 751.
711
What is the remainder when 203891 is divided by 139?
117
What is the remainder when 27069 is divided by 27?
15
What is the remainder when 893 is divided by 427?
39
What is the remainder when 35530 is divided by 267?
19
What is the remainder when 19385 is divided by 72?
17
Calculate the remainder when 524485 is divided by 174822.
19
Calculate the remainder when 296548 is divided by 59309.
3
What is the remainder when 364869 is divided by 241?
236
Calculate the remainder when 43777 is divided by 14.
13
What is the remainder when 610628 is divided by 581?
578
Calculate the remainder when 1069 is divided by 910.
159
Calculate the remainder when 2398 is divided by 76.
42
Calculate the remainder when 3540 is divided by 557.
198
What is the remainder when 2522 is divided by 206?
50
Calculate the remainder when 2502777 is divided by 84.
81
Calculate the remainder when 1710 is divided by 129.
33
Calculate the remainder when 69312 is divided by 78.
48
What is the remainder when 5756 is divided by 178?
60
What is the remainder when 54008 is divided by 514?
38
What is the remainder when 38603 is divided by 98?
89
What is the remainder when 1496828 is divided by 261?
254
Calculate the remainder when 15938 is divided by 161.
160
What is the remainder when 2503 is divided by 34?
21
What is the remainder when 12961 is divided by 341?
3
What is the remainder when 6085652 is divided by 94?
92
What is the remainder when 282 is divided by 77?
51
What is the remainder when 7428 is divided by 1452?
168
Calculate the remainder when 35036 is divided by 343.
50
What is the remainder when 1136 is divided by 86?
18
Calculate the remainder when 2583 is divided by 120.
63
What is the remainder when 90718 is divided by 18?
16
Calculate the remainder when 4029 is divided by 155.
154
What is the remainder when 4321 is divided by 1072?
33
Calculate the remainder when 2619 is divided by 432.
27
What is the remainder when 971420 is divided by 245?
240
What is the remainder when 1374 is divided by 60?
54
What is the remainder when 1892735 is divided by 523?
521
What is the remainder when 331 is divided by 207?
124
Calculate the remainder when 730 is divided by 50.
30
What is the remainder when 5421 is divided by 2116?
1189
Calculate the remainder when 7336 is divided by 235.
51
Calculate the remainder when 3350 is divided by 198.
182
Calculate the remainder when 4748103 is divided by 13.
9
What is the remainder when 55763 is divided by 83?
70
Calculate the remainder when 4218 is divided by 314.
136
What is the remainder when 31697 is divided by 15829?
39
Calculate the remainder when 3005 is divided by 246.
53
What is the remainder when 1211785 is divided by 242356?
5
What is the remainder when 3262 is divided by 8?
6
Calculate the remainder when 8759 is divided by 302.
1
Calculate the remainder when 4712 is divided by 129.
68
Calculate the remainder when 994799 is divided by 331595.
14
Calculate the remainder when 6400 is divided by 42.
16
What is the remainder when 209528 is divided by 9524?
0
Calculate the remainder when 627 is divided by 52.
3
What is the remainder when 18747 is divided by 2677?
8
What is the remainder when 19778 is divided by 115?
113
Calculate the remainder when 53819 is divided by 26907.
5
What is the remainder when 3313 is divided by 50?
13
Calculate the remainder when 40902 is divided by 505.
502
What is the remainder when 1437 is divided by 65?
7
Calculate the remainder when 953 is divided by 18.
17
What is the remainder when 2797 is divided by 2751?
46
What is the remainder when 7342 is divided by 15?
7
Calculate the remainder when 1971 is divided by 1910.
61
What is the remainder when 16143 is divided by 384?
15
What is the remainder when 836 is divided by 108?
80
What is the remainder when 25287 is divided by 429?
405
What is the remainder when 17582 is divided by 1072?
430
Calculate the remainder when 15224 is divided by 951.
8
Calculate the remainder when 47659 is divided by 1230.
919
Calculate the remainder when 4090 is divided by 2852.
1238
What is the remainder when 236 is divided by 209?
27
Calculate the remainder when 330046 is divided by 46.
42
Calculate the remainder when 13505 is divided by 3361.
61
Calculate the remainder when 25523 is divided by 323.
6
Calculate the remainder when 20577 is divided by 245.
242
Calculate the remainder when 3150 is divided by 242.
4
Calculate the remainder when 216042 is divided by 24.
18
What is the remainder when 76 is divided by 2?
0
What is the remainder when 102198 is divided by 105?
33
What is the remainder when 2490 is divided by 310?
10
What is the remainder when 1196 is divided by 275?
96
What is the remainder when 580386 is divided by 10?
6
Calculate the remainder when 19137 is divided by 804.
645
What is the remainder when 487962 is divided by 15?
12
What is the remainder when 6228 is divided by 2074?
6
Calculate the remainder when 115943 is divided by 231.
212
Calculate the remainder when 1234 is divided by 100.
34
What is the remainder when 544481 is divided by 18?
17
Calculate the remainder when 193319 is divided by 2.
1
What is the remainder when 26374 is divided by 26345?
29
What is the remainder when 265900 is divided by 112?
12
Calculate the remainder when 172752 is divided by 58.
28
What is the remainder when 22973 is divided by 630?
293
What is the remainder when 5352 is divided by 410?
22
What is the remainder when 2638 is divided by 118?
42
What is the remainder when 317147 is divided by 13?
12
Calculate the remainder when 12081 is divided by 526.
509
Calculate the remainder when 75252 is divided by 137.
39
Calculate the remainder when 623 is divided by 399.
224
Calculate the remainder when 14358 is divided by 843.
27
What is the remainder when 302